 6, what is 2 + 1353344541?
1353344543
In base 3, what is 100222010201111 + -10?
100222010201101
In base 11, what is 10 + -83133a?
-83132a
In base 3, what is -22021121 + 21120101?
-201020
In base 4, what is -10020310132 - -1331?
-10020302201
In base 10, what is 86907429 - -5?
86907434
In base 2, what is 11110110010000 - -11011000000001?
111001110010001
In base 4, what is 110033231023 - 132?
110033230231
In base 13, what is 7 + -70ac4a?
-70ac43
In base 7, what is -2 - -1063403235?
1063403233
In base 12, what is -1362839 - -84?
-1362775
In base 2, what is -11001011110011 + 101101001110100?
10011110000001
In base 16, what is 207c975 - 10?
207c965
In base 10, what is 14522 + 2553?
17075
In base 6, what is 100341224 + -3?
100341221
In base 14, what is -138 + -24a6?
-2600
In base 8, what is -2 + -157121652?
-157121654
In base 5, what is -24440203143 + -4?
-24440203202
In base 3, what is -2020 + -21212101111?
-21212110201
In base 13, what is -141b1 - -c238?
-4c76
In base 16, what is 241c - 2ec?
2130
In base 14, what is -205 - -5b4c?
5947
In base 6, what is -252550 - -220054?
-32452
In base 7, what is 21303 - -35662?
60265
In base 13, what is 52469 - -28?
52494
In base 14, what is 427 + -20?
407
In base 7, what is -311 + -1622010?
-1622321
In base 4, what is -1110 + 21013230203?
21013223033
In base 3, what is 120110212 + 10122220?
201010202
In base 16, what is -a6d5 + 1358?
-937d
In base 16, what is c + 468550?
46855c
In base 11, what is aa - 70aa28?
-70a929
In base 10, what is 1789461 - 3?
1789458
In base 7, what is 13 + 1665422?
1665435
In base 13, what is -2 + 708167?
708165
In base 16, what is 106bd76 - -19?
106bd8f
In base 16, what is 1e6 - -201f?
2205
In base 8, what is -13740240 - 6?
-13740246
In base 5, what is -4040 + 24200002?
24140412
In base 4, what is 100010231 + -313?
100003312
In base 9, what is 548400 + -2?
548387
In base 15, what is -c - 42ebd4?
-42ebe1
In base 12, what is 63420 - 2b3a?
604a2
In base 9, what is -285087174 - 4?
-285087178
In base 3, what is 2222101102100 - -12?
2222101102112
In base 15, what is 19cb2d9d - -5?
19cb2da3
In base 13, what is -360a2 + -17c?
-36251
In base 3, what is -1102212221110 - -11120?
-1102212202220
In base 16, what is 5 + -de77c?
-de777
In base 7, what is 22522033 - -50?
22522113
In base 8, what is 15060211 + -17?
15060172
In base 9, what is -3750204 - 13?
-3750217
In base 5, what is -2 - -44310410414?
44310410412
In base 2, what is -10 + -111001011101000000110001?
-111001011101000000110011
In base 15, what is -dccb9 + -3?
-dccbc
In base 3, what is 221120211201000 - 2?
221120211200221
In base 14, what is 69a + -25aa?
-1d10
In base 7, what is -5 - -43605101?
43605063
In base 10, what is -6 + -156588?
-156594
In base 13, what is aa + -1853a?
-18460
In base 8, what is -5 + -31701475?
-31701502
In base 16, what is 1e + -15d7b67?
-15d7b49
In base 12, what is -41920543 - 1?
-41920544
In base 12, what is 27b6 + 6aaa?
96a4
In base 8, what is 4150124 + 104?
4150230
In base 16, what is -cfb - -73d1?
66d6
In base 15, what is -5 + -4a0c1b?
-4a0c21
In base 8, what is 6546676 + -11?
6546665
In base 8, what is 2745152 + -323?
2744627
In base 10, what is -30128 - 3622?
-33750
In base 14, what is 4701db0b + 2?
4701db0d
In base 15, what is 32a539 + -2a?
32a50e
In base 5, what is 441000 - -143134?
1134134
In base 3, what is 1110021020 - -21021111?
1201112201
In base 2, what is -110111000 + 1000100010111111010?
1000100010001000010
In base 11, what is 1 - 14a610?
-14a60a
In base 11, what is -3 + -2317870?
-2317873
In base 2, what is 10 + 10011000101101001111000010?
10011000101101001111000100
In base 6, what is -420 - -122324?
121504
In base 12, what is -6b + b70830?
b70781
In base 12, what is -2055ba - 5?
-205603
In base 3, what is 111220201 - -101101?
112022002
In base 15, what is -2c340 + -8?
-2c348
In base 13, what is 5879 - 611?
5268
In base 6, what is 1055520 - -12054?
1112014
In base 11, what is -3122 + -727?
-3849
In base 3, what is -1000110000111 - -221?
-1000102222120
In base 4, what is -10200 - 22032220?
-22103020
In base 14, what is 47ca7 - -12d?
47dd6
In base 5, what is -10 - -231204114?
231204104
In base 8, what is -274 - -5521?
5225
In base 10, what is -206 + -33795?
-34001
In base 6, what is -2102 - 20522442?
-20524544
In base 12, what is -96b - -11276?
10507
In base 14, what is -57 + -21b48a?
-21b503
In base 3, what is -101 + 120122000100221?
120122000100120
In base 7, what is -6 - -131640?
131631
In base 8, what is 0 - -10101143?
10101143
In base 14, what is -7 - -202c950?
202c947
In base 8, what is -13207 - -2433?
-10554
In base 6, what is -11245320140 + 2?
-11245320134
In base 11, what is a4790 - 434?
a4357
In base 8, what is 40 - -5345234?
5345274
In base 9, what is 64520877 + 0?
64520877
In base 14, what is -2958d0c + 0?
-2958d0c
In base 9, what is -1863 + 46145?
44172
In base 15, what is -421 - 212d5?
-21706
In base 14, what is 68c3 - -1687?
816a
In base 4, what is -2312213 - -131312?
-2120301
In base 6, what is -4030 - -153431?
145401
In base 6, what is -32303 - -232054?
155351
In base 6, what is 1421124 - -4024?
1425152
In base 8, what is 26005 + 3353?
31360
In base 6, what is -514 + 53021405?
53020451
In base 9, what is -4 + 102022747?
102022743
In base 2, what is 1101110111000 + -1111001001010?
-1010010010
In base 16, what is -10661 - -1e9?
-10478
In base 13, what is -3 + 2627016?
2627013
In base 12, what is -3213 + -3953?
-6b66
In base 7, what is -142152156 - -5?
-142152151
In base 12, what is -8066 - -9a3?
-7283
In base 14, what is -db9b424 + 4?
-db9b420
In base 13, what is 179147 + 3?
17914a
In base 12, what is 640 + -3a2a73?
-3a2433
In base 11, what is a359 - 850?
9609
In base 2, what is -10 - -111000110000100?
111000110000010
In base 8, what is 71 + 21610?
21701
In base 15, what is -6 + 342d1a?
342d14
In base 11, what is -96551 - 100?
-96651
In base 6, what is 1053211320 - -52?
1053211412
In base 4, what is -33301303131330 + -2?
-33301303131332
In base 3, what is 10021210201 - 1000200?
10020210001
In base 16, what is -12 + -1076ed?
-1076ff
In base 3, what is -101 + 21002211120021?
21002211112220
In base 3, what is 20002200010102121 + 11?
20002200010102202
In base 8, what is -42353 - 2470?
-45043
In base 13, what is 2270 + -179a?
7a3
In base 13, what is 13c49 - -4b99?
18b15
In base 7, what is 54 + 100130253?
100130340
In base 15, what is 15b8ee8 + -2?
15b8ee6
In base 13, what is 2903 + -4844?
-1c41
In base 14, what is -1c4763 - 13?
-1c4776
In base 11, what is -a9 + 24844?
24746
In base 9, what is -301 - 601165?
-601466
In base 16, what is c64 + -323a6?
-31742
In base 14, what is -123b01 - -6?
-123ad9
In base 8, what is 320512 + -1740?
316552
In base 12, what is -1a02 + -ba8?
-29aa
In base 3, what is -111112 - -12000112?
11112000
In base 12, what is 288 - 956823?
-956557
In base 7, what is 154 + 605404?
605561
In base 5, what is -144112 - -130313?
-13244
In base 10, what is 170908 + 2?
170910
In base 13, what is 9449 + -9b6?
8763
In base 7, what is -210401 - -22?
-210346
In base 15, what is -1046c - 112?
-1057e
In base 16, what is -e9 + 389cdd?
389bf4
In base 13, what is -45a4c - -231?
-4581b
In base 6, what is -15411511200 + 4?
-15411511152
In base 5, what is 1 - 22301311134?
-22301311133
In base 16, what is -4 + -1d00462?
-1d00466
In base 3, what is 1002201110111202002 - -2?
1002201110111202011
In base 4, what is 3 - 3203301323231?
-3203301323222
In base 5, what is -400 + 231044322?
231043422
In base 4, what is 11 - -11232033022?
11232033033
In base 10, what is 6 - 22946793?
-22946787
In base 15, what is 0 + 4178123?
4178123
In base 5, what is -1433311314 + 1?
-1433311313
In base 14, what is -9 + 312192?
312187
In base 16, what is -535 - -3ab?
-18a
In base 2, what is 101 - -1000010110101011010011?
1000010110101011011000
In base 12, what is 43 + -209026?
-208ba3
In base 5, what is 11 + -433041?
-433030
In base 5, what is -1040 + 1034210?
1033120
In base 16, what is 1 - -bae86?
bae87
In base 13, what is -534ac - 0?
-534ac
In base 15, what is -190 + 3910?
3770
In base 8, what is 327 + 4751541?
4752070
In base 7, what is -25 - 36105245?
-36105303
In base 12, what is -329878 - 31?
-3298a9
In base 3, what is 1 - 2012212021122201?
-2012212021122200
In base 14, what is 50 - 168935?
-1688c5
In 